4) + 904/56. Calculate the highest common factor of z and q.
8
Suppose 4*v - 10*p + 8*p = 320, -v - 4*p = -89. Let i = v - -247. Calculate the greatest common divisor of i and 16.
8
Let f be (21/12 - 1) + 1815/44. Suppose 10*w = 492 - f. What is the greatest common divisor of w and 75?
15
Suppose -9 = z + 38. Let q = z - -51. Suppose -q*d = j - 2 - 10, -d - 3*j - 8 = 0. Calculate the highest common divisor of 4 and d.
4
Let b be 1*5 - (-92)/(-23). Let n(t) = 5*t - 3. Let j be n(b). Suppose -i = j*d, 0 = -2*i - 5*d - 3 - 2. What is the greatest common divisor of i and 4?
2
Suppose 1026 = -3*o + 6*o. Suppose -81 + 47 = -2*g + r, 5*g + 4*r = 98. What is the highest common divisor of o and g?
18
Let a(q) = 2*q**2 + 208*q - 2739. Let h be a(13). What is the highest common divisor of 7171 and h?
101
Suppose 4*x - 1470 = -11*x. Let w = 110 - x. Calculate the highest common factor of w and 21.
3
Let w be 113/2 + (-18)/(-36) - -4. Let d = -51 + w. Calculate the highest common divisor of d and 5.
5
Suppose t = 2*t + 5*m - 2, m = -2*t + 4. Suppose -o + t*k = k - 5, -k = -2*o + 10. Suppose 0 = o*f - 75 - 50. Calculate the highest common divisor of f and 25.
25
Let s be 9 - ((-11 - 28) + -10). Calculate the greatest common factor of 4466 and s.
58
Let q = 8010 - 7691. Calculate the highest common divisor of q and 145.
29
Suppose 4*w - 4*x - 8848 = 0, 0 = 3*w + 3*w - x - 13262. What is the greatest common factor of w and 2890?
170
Let z(y) = -131*y - 582. Let g be z(-12). What is the highest common divisor of g and 132?
66
Let s be (10/(-4))/(4/(-24)). Suppose 3*j = -s, g - 5*j - 361 = -102. Let h = -154 + g. What is the greatest common divisor of 16 and h?
16
Suppose -163 = 5*g + 372. Let u = -92 - g. Suppose -4*k + u = k. What is the highest common factor of k and 4?
1
Suppose 3344*p - 3351*p = -3*l + 58, -2*l + 2*p = -44. Let c = 850 + -466. Calculate the highest common divisor of l and c.
24
Let r = 588 - 338. Suppose 0 = -57*u + 410 + 1015. Calculate the highest common factor of r and u.
25
Let o be -6*3/(-12)*2. Suppose -5*t = -o*c + 24 - 115, 0 = t - 4*c - 25. Suppose 0 = 2*p - 5 - t. What is the greatest common divisor of p and 11?
11
Suppose 5*m + 1739 = 2*g - 6910, 2*g - 8667 = -m. What is the greatest common divisor of g and 24?
12
Suppose 426 = 5*d - 4*j, 0 = -2155*d + 2158*d + 3*j - 261. What is the highest common factor of 20898 and d?
86
Let q(l) = 8*l**2 - 10*l - 5. Let i be q(-5). Suppose -5*a = -25, 0 = -5*g - 4*a + 1455 + i. Calculate the greatest common factor of 21 and g.
21
Suppose 5*o + b - 82 = 0, -2*o = -2*b - 11 - 17. What is the greatest common divisor of 5520 and o?
16
Suppose 62 + 442 = 18*k. What is the highest common divisor of 3556 and k?
28
Let u(k) = 9*k**2 + 5*k - 12. Let i be u(4). Let p be 397/19 - (-16)/i. What is the highest common divisor of p and 12?
3
Suppose -2*f + 2*i = 15 + 11, -i = -1. Let c be (-10540)/(-30) + (-2 + 6)/f. What is the highest common divisor of 39 and c?
39
Suppose 5*q - 3854 = -r, 0 = 2*q - 3*r - 1302 - 243. Suppose 0 = 5*n + 2*u - q, -4*u = -8*u + 12. What is the greatest common factor of 18 and n?
9
Let w be 27 + 0/(169/13). Calculate the greatest common factor of 1341 and w.
9
Suppose 3 = 3*k - 3, 0 = -4*r - 2*k + 196. Let m = 59 - r. Let x = 34 + m. Calculate the greatest common factor of 18 and x.
9
Suppose 0 = 28*u - 2108 - 904 + 548. What is the greatest common divisor of u and 737?
11
Let w(h) = -86*h - 1253. Let x be w(-23). Calculate the greatest common factor of 261 and x.
29
Let w = -35190 - -35484. Calculate the highest common divisor of w and 6006.
42
Let n(l) = 4*l - 48. Let a be n(14). Suppose 0 = -k + 3*k + a, -5*f - 3*k = -758. What is the greatest common divisor of f and 66?
22
Suppose 0 = 5*l - 3*n - 932, -2*l - n + 213 + 173 = 0. What is the greatest common divisor of l and 410?
10
Let f be ((-6)/9*-49)/(2/(-3)). Let o = 52 + f. Suppose -6*d = -2*d - 5*g - 11, o*d - 22 = g. What is the greatest common factor of d and 1?
1
Let k = 1888 + -1096. What is the greatest common factor of k and 16?
8
Suppose 2058 = 8*u - 782. Calculate the highest common divisor of u and 639.
71
Let g(w) = -w**3 + 12*w**2 + 19*w - 58. Let r be g(13). Suppose -o = 4*j - r, -23*o + 19*o + 29 = -j. Calculate the highest common factor of o and 96.
8
Let k(m) = 69*m - 228. Let y be k(8). Let n be 21 + 1/(4/(-12)). What is the greatest common divisor of n and y?
18
Suppose -3*x - 7 + 22 = 0. Suppose -4*h + 0*w + 5*w + 79 = 0, 2*h = -x*w + 47. Let y = 34 - 20. What is the highest common factor of y and h?
7
Suppose -7*g = -11*g. Suppose 5*q - 5*w - 160 = -0*q, g = 3*w. Let z be 0 + -4 + 5 + 1*223. What is the highest common divisor of q and z?
32
Suppose -508673 - 222167 = -154*t + 44*t. Calculate the highest common factor of t and 44.
44
Suppose -4*r = 2 - 10. Suppose 4*i - r*s = -0*i + 472, -i - 4*s + 118 = 0. Suppose 40 = -3*p + i. Calculate the highest common factor of p and 13.
13
Let o be 19550/13 + (11 - 1551/143). Let j = o - 797. What is the highest common factor of j and 7?
7
Suppose -228*h + 2445512 = -24*h + 50*h. What is the greatest common factor of h and 580?
116
Let k(f) be the second derivative of 3*f**3 + 10*f. Let z be k(2). Let y = -45 + 135. What is the highest common factor of y and z?
18
Suppose 0 = y - 34 - 31. Suppose 990 = y*h - 54*h. What is the greatest common factor of 225 and h?
45
Let n be ((-948)/(-8))/(-1 - (265/(-132) + 1)). What is the greatest common factor of 198 and n?
198
Let r = -235 - -350. Suppose 122*s - 14 = r*s. Calculate the greatest common factor of 9 and s.
1
Let j = 69 - 53. Let t be 2 - (-2)/(-3)*24/j. Let n be (-1*37/t)/(-1). What is the highest common factor of n and 296?
37
Let z be 252/294 + 16/14. Suppose -62 + 40 = -z*a. What is the highest common divisor of 55 and a?
11
Let b = -13300 - -13345. Let p be 1352/6 + (-2)/6. Calculate the highest common divisor of p and b.
45
Suppose -4*i - 13*i + 29802 = -68492. Calculate the greatest common factor of i and 354.
118
Let f(x) = -1004*x - 38. Let s be f(-1). What is the highest common divisor of s and 276?
138
Suppose -5*t + 594 = -11*q + 12*q, -q = -4*t + 477. Calculate the greatest common factor of 5083 and t.
17
Suppose 10555*v - 10546*v + 9 = 153. What is the highest common factor of 1328 and v?
16
Suppose 19*r - 7051 - 2772 = 0. Calculate the highest common factor of 121 and r.
11
Suppose d - 124 = -3*w - 34, 4*w = -3*d + 295. Let s(z) = 5880*z - 58795. Let x be s(10). Calculate the greatest common factor of d and x.
5
Suppose 51*h - 42*h = 45. Let k be 2*(-4 + h) + (-1 - -51). Calculate the highest common factor of 156 and k.
52
Let d(k) = k**2 + 39*k + 57. Let h(n) = -2*n**2 - 78*n - 115. Let w(f) = -7*d(f) - 3*h(f). Let y be w(-27). What is the highest common divisor of 6 and y?
6
Suppose -702 = -22*k + 1146. Suppose -11*c + 8*c + 4272 = 3*f, 0 = 2*c + 4*f - 2840. Calculate the greatest common factor of c and k.
84
Let o(r) = r**2 + 35*r - 329. Let c be o(-43). Calculate the highest common divisor of 5415 and c.
15
Suppose 1 - 7 = 3*p. Let h be 6 + -3 - p/2. Suppose -116 = -h*c - m, -52 = 3*c + 2*m - 144. What is the greatest common divisor of 14 and c?
14
Suppose -38*v = -33*v - h - 12371, 0 = -4*v - 3*h + 9912. Calculate the greatest common divisor of 22 and v.
11
Let a be ((-85)/15*-12)/4. What is the highest common factor of a and 8551?
17
Let r = 1245 + -636. What is the highest common factor of 21 and r?
21
Let m(u) = -u**2 - 40*u - 75. Let q be m(-38). What is the highest common factor of q and 223?
1
Let f(h) = -h**3 - 8*h**2 - 14*h + 12. Let d = 125 + -131. Let i be f(d). What is the highest common factor of 96 and i?
24
Let s = -70 - -118. Suppose 5*d - 2*h - 12 = d, 3*d - 5*h - 9 = 0. Suppose d*l = -6, -50 = -5*b + l - 6*l. Calculate the greatest common divisor of s and b.
12
Let x = 22726 + -22549. What is the highest common factor of x and 9?
3
Let n be 1140*((-48)/32)/(6/(-5)). What is the highest common divisor of 3705 and n?
285
Let h(y) = 9*y - 36. Let r = -47 + 52. Let p be -3*(-2 + r/(-3)). Let z be h(p). Calculate the highest common factor of 7 and z.
7
Suppose -181788 + 7068 = -42*j. What is the highest common factor of 5 and j?
5
Suppose -4*v - 4*c = -48, -5*v + 70 = 4*c 